t k(o) = 3*o**2 + 53*o - 443. What is k(-24)?
13
Let y(v) = 102*v + 2442. Determine y(-24).
-6
Let s(i) = i**2 - 115*i + 2881. Calculate s(78).
-5
Let y(u) = -u**3 - 11*u**2 - 36*u - 28. Give y(-6).
8
Let a(k) = -127*k + 1602. What is a(11)?
205
Let c(f) = -150*f - 3747. Give c(-25).
3
Let m(s) = 3*s**3 - 6*s**2 + 6*s + 14. Give m(4).
134
Let q(l) = 160*l**2 - l - 11. Calculate q(0).
-11
Let r(b) = b**2 - 16*b + 74. Determine r(17).
91
Let n(z) = 63*z**2 + 34*z + 36. Give n(-1).
65
Let h(u) = 61*u - 7544. Give h(124).
20
Let p(b) = -2*b**3 - 7*b**2 - 5*b - 7. Determine p(-7).
371
Let k(j) = j**3 - 24*j**2 - j + 1002. Determine k(22).
12
Let s(k) = -1969*k + 9859. Calculate s(5).
14
Let i(c) = -18*c - 314. Determine i(-23).
100
Let z(d) = d**2 + 29*d + 204. What is z(-16)?
-4
Let o(l) = -15*l**2 - 75*l + 337. Give o(-8).
-23
Let i(c) = 3*c**2 + c + 6. Determine i(-3).
30
Let q(s) = -s**2 + 47*s - 64. Determine q(42).
146
Let j(u) = u**3 - 27*u**2 + 82*u + 3. What is j(25)?
803
Let v(z) = -270*z + 8. Calculate v(1).
-262
Let r(z) = 290*z**2 - 1162*z + 12. Calculate r(4).
4
Let b(q) = -2*q**2 + 8*q + 223. Calculate b(-8).
31
Let v(j) = -11801*j - 58997. Determine v(-5).
8
Let m(r) = 671*r + 18795. Give m(-28).
7
Let h(y) = -51*y - 594. Calculate h(-12).
18
Let a(l) = -2*l**2 - 37*l + 350. Calculate a(-28).
-182
Let p(l) = -127*l - 651. What is p(-8)?
365
Let k(j) = 7*j**2 + 495*j - 149. Calculate k(-71).
-7
Let d(h) = 25*h**2 - 216*h + 1. Determine d(8).
-127
Let r(n) = -184*n + 6713. Calculate r(36).
89
Let m(d) = -6*d**2 + 116*d - 149. What is m(18)?
-5
Let c(d) = -66*d - 796. Calculate c(-12).
-4
Let w(j) = 5*j**2 + j - 18. What is w(2)?
4
Let m(v) = -172*v - 2994. Calculate m(-18).
102
Let w(d) = 226*d + 487. Calculate w(-2).
35
Let f(y) = -182*y + 2188. Calculate f(12).
4
Let o(h) = h**3 - 112*h**2 - 338*h - 811. Determine o(115).
-6
Let x(r) = 111*r + 426. Give x(-4).
-18
Let j(i) = i**3 + 40*i**2 - 45*i + 168. Give j(-41).
332
Let s(v) = -49*v + 315. Calculate s(6).
21
Let q(m) = -237*m - 11366. Calculate q(-48).
10
Let f(v) = -7*v + 84. Determine f(10).
14
Let y(c) = -c**3 + 11*c**2 + 24*c + 36. Calculate y(13).
10
Let z(i) = 207*i - 12825. What is z(62)?
9
Let h(z) = -15*z**2 + 251*z + 37. Determine h(17).
-31
Let h(b) = 169*b + 1708. What is h(-14)?
-658
Let t(a) = 44*a + 702. Determine t(-15).
42
Let u(c) = -11*c**2 + 8*c - 21. Determine u(2).
-49
Let w(b) = -b**2 - 334*b + 2515. Give w(8).
-221
Let u(f) = 30*f - 645. What is u(19)?
-75
Let n(z) = -8*z - 83. Calculate n(-11).
5
Let n(s) = 15*s**2 - 109*s + 123. Calculate n(5).
-47
Let t(z) = -z**2 - 55*z - 407. Determine t(-9).
7
Let m(u) = -99*u + 74. Determine m(5).
-421
Let m(y) = y**3 - 10*y**2 + 8*y - 66. Calculate m(9).
-75
Let f(s) = 45*s**2 + 90*s + 12. What is f(-2)?
12
Let t(r) = r**3 + 169*r**2 + 1131*r - 1. What is t(-7)?
20
Let m(k) = -k**3 + 8*k**2 + 26*k - 31. What is m(-4)?
57
Let d(u) = -1324*u - 3963. Calculate d(-3).
9
Let j(b) = -4*b**2 + 27*b + 64. What is j(-2)?
-6
Let s(l) = l**3 - 22*l**2 + 98*l - 22. Calculate s(5).
43
Let r(h) = -2*h**3 - 100*h**2 - 238*h - 2224. Determine r(-48).
-16
Let h(u) = u**3 - 35*u**2 - 348*u + 198. Give h(43).
26
Let v(f) = f + 52. What is v(-59)?
-7
Let u(m) = -18*m**2 - 4*m + 6. Determine u(2).
-74
Let z(l) = -l**2 + 315*l - 3941. Give z(13).
-15
Let d(p) = p**2 + 205*p - 1253. Calculate d(6).
13
Let m(n) = -35*n - 2900. Determine m(-82).
-30
Let r(s) = 1263*s - 5064. Calculate r(4).
-12
Let x(v) = -v**2 + 122*v - 1772. Give x(105).
13
Let n(b) = 3*b**2 + 5*b - 289. What is n(9)?
-1
Let l(u) = -12*u**2 + 63*u - 276. What is l(8)?
-540
Let m(i) = -i**2 - 17*i + 99. Give m(-20).
39
Let q(u) = -2*u**3 - 42*u**2 - 40*u - 19. Determine q(-20).
-19
Let c(w) = 40*w**3 - 722*w**2 + 34*w + 35. What is c(18)?
-1
Let r(l) = -2955*l**2. Calculate r(0).
0
Let b(l) = -l**2 - 37*l + 698. Calculate b(-24).
1010
Let j(y) = 2*y**2 + 16*y - 95. Give j(-12).
1
Let t(b) = b**2 - 5*b - 416. What is t(22)?
-42
Let w(k) = 7*k**3 - 11*k**2 + 46*k - 11. What is w(3)?
217
Let z(i) = -i - 185. What is z(-212)?
27
Let a(l) = 21*l - 524. Determine a(22).
-62
Let r(a) = 2*a**2 + 69*a + 206. Calculate r(-27).
-199
Let l(a) = 19*a - 10. Calculate l(-5).
-105
Let l(n) = -3*n**3 - 101*n**2 - 13*n - 1581. Calculate l(-34).
17
Let h(y) = -y**2 - 131*y + 791. Calculate h(6).
-31
Let l(z) = -z**3 - 11*z**2 + 136*z + 1435. Give l(-12).
-53
Let o(d) = -d**3 - 16*d**2 + 49*d - 45. Give o(-17).
-589
Let k(h) = -14*h**3 - 533*h**2 - 32*h + 233. What is k(-38)?
5
Let p(b) = -4*b**3 - 27*b**2 - 189*b + 4. Determine p(-6).
1030
Let p(x) = 2*x**3 - 14*x**2 - 29*x + 64. Determine p(9).
127
Let b(q) = -11*q - 166. What is b(-7)?
-89
Let t(i) = 34*i**3 - 2*i**2 + 4*i + 2. Determine t(-1).
-38
Let p(g) = 4*g**2 + 500*g + 9072. Give p(-22).
8
Let k(a) = -a**3 + 25*a**2 - 40*a + 31. Give k(23).
169
Let m(x) = 46*x - 271. Determine m(5).
-41
Let k(i) = 126*i - 182. Determine k(1).
-56
Let u(a) = 7*a**2 + 425*a + 1095. Determine u(-58).
-7
Let u(x) = -2053*x - 20535. Give u(-10).
-5
Let k(y) = y**3 + 2*y**2 + 48*y + 97. Give k(-2).
1
Let a(d) = d**3 + 8*d**2 + 19*d + 104. Calculate a(-10).
-286
Let t(g) = -21*g - 516. Determine t(5).
-621
Let i(t) = -42*t - 795. Determine i(-20).
45
Let x(h) = h**3 + 9*h**2 - 7*h + 4. Calculate x(-5).
139
Let g(a) = 7*a - 119. Determine g(13).
-28
Let i(v) = -79*v + 3115. Determine i(39).
34
Let l(z) = -3*z**2 + 23*z - 12. Determine l(5).
28
Let o(l) = 25*l**3 - 14*l**2 + 12*l - 1. What is o(2)?
167
Let d(x) = 360*x + 13520. Determine d(-38).
-160
Let m(l) = 10*l**2 - 146*l + 183. What is m(11)?
-213
Let t(a) = -10*a**2 - 649*a + 57. Give t(-65).
-8
Let o(n) = -1300*n + 9112. Calculate o(7).
12
Let z(i) = 3*i**3 - 115*i**2 - 463*i + 48. Give z(42).
6
Let v(s) = -2*s**2 + 51*s - 175. What is v(21)?
14
Let d(x) = -3*x**2 - 27*x - 73. What is d(-3)?
-19
Let d(v) = -6*v**2 + 299*v + 121. Calculate d(52).
-555
Let y(w) = -w**2 + 174*w + 2630. Determine y(-14).
-2
Let o(j) = -j**3 + 13*j**2 - 45*j + 388. Determine o(12).
-8
Let a(z) = 30*z**2 + 152*z + 144. Determine a(-4).
16
Let o(j) = -168*j - 295. Give o(-2).
41
Let c(s) = 4*s - 243. What is c(35)?
-103
Let u(n) = -2*n**3 + 21*n**2 - 13*n + 14. Determine u(10).
-16
Let l(q) = q**3 + 25*q**2 + 28*q + 94. What is l(-24)?
-2
Let k(x) = -3*x**3 + 18*x**2 - 7*x - 45. Give k(5).
-5
Let m(l) = -l**3 + l**2 - 71*l + 357. Give m(6).
-249
Let n(p) = 3*p**3 - 95*p**2 + 62*p - 15. What is n(31)?
-15
Let h(q) = 1645*q - 23026. Calculate h(14).
4
Let h(n) = -n**3 + 11*n**2 + 159*n - 1715. Determine h(12).
49
Let a(x) = -x**3 - 10*x**2 + 18*x + 42. Give a(-12).
114
Let i(t) = -t**3 - 357*t**2 + 1810*t. Determine i(-362).
0
Let h(t) = -70*t - 312. Calculate h(-4).
-32
Let o(z) = 3*z**2 + 7*z + 5. What is o(5)?
115
Let p(q) = 2*q**2 + 596*q + 1773. Determine p(-3).
3
Let j(z) = -220*z + 1302. Determine j(6).
-18
Let k(u) = 466*u + 938. What is k(-2)?
6
Let w(g) = -g**3 - 21*g**2 + 701*g - 63. Give w(-39).
-24
Let l(s) = -39*s**2 - 6552*s - 2. Determine l(-168).
-2
Let b(y) = 37*y - 28. What is b(1)?
9
Let c(d) = 2*d**2 - 218*d - 4658. What is c(127)?
-86
Let o(x) = -6*x**2 + 54*x - 133. Give o(4).
-13
Let u(n) = 21*n + 92. Give u(3).
155
Let u(f) = -244*f + 835. Calculate u(4).
-141
Let x(u) = 1269*u + 1266. Calculate x(-1).
-3
Let f(x) = 13*x**3 - 6*x**2 + 11*x + 18. Calculate f(-1).
-12
Let p(o) = -2*o**2 + 2*o + 1632. Give p(-28).
8
Let q(f) = -199*f - 17920. Calculate q(-90).
-10
Let g(t) = t**3 - 9*t**2 + 31*t - 67. Determine g(6).
11
Let o(s) = 39*s**2 + 344*s - 35. Determine o(-9).
28
Let d(l) = -l**3 + 34*l**2 - 34*l + 72. What is d(33)?
39
Let j(z) = z**3 - 73*z**2 - 307*z - 69. Give j(77).
8
Let h(c) = 62*c + 2592. Give h(-43).
-74
Let b(v) = v**3 - v**2 - 67*v - 75. Give b(-7).
2
Let u(n) = n**3 + 4*n**2 + 3*n + 18. What is u(-4)?
6
Let j(n) = 1445*n - 60700. Give j(42).
-10
Let f(i) = 8*i**3 + 17*i**2 - 3*i - 12. Give f(-4).
-240
Let s(x) = 2*x**3 + 35*x**2 + x + 89. Determine s(-17).
361
Let q(l) = 2*l**3 - 22*l**2 + 98*l - 108. Determine q(3).
42
Let k(m) = 2*m**2 + 102*m + 1077. What is k(-15)?
-3
Let t(m) = 14*m - 326. Determine t(12).
-158
Let b(f) = 6*f**2 - 189*f + 169. Calculate b(31).
76
Let k(z)